. Let n be h(-2). What is the greatest common divisor of 71 and n?
71
Let l be (-2686 - -10 - (4 + -1))/(3/(-3)). Calculate the greatest common factor of l and 570.
57
Let w be 1/(-2) - (-15867)/86. Suppose r + 112 = w. Calculate the highest common divisor of r and 108.
36
Suppose -577 = -3*y + 1535. Suppose 0 = -0*q + 32*q - y. Let l(j) = 6*j - 4. Let i be l(8). Calculate the highest common divisor of i and q.
22
Suppose -5*n = -10*n - 20. Let k be n/((-4)/(-4) - 2). Let l = 181 + -180. What is the highest common divisor of k and l?
1
Let u(g) = 335*g - 6795. Let c be u(91). What is the highest common factor of c and 230?
230
Suppose -2*u + 4*v - 15 = 15, -6 = -2*v. Let n(j) = j**2 + 12*j + 7. Let q be n(u). Let l be 825/q*(-48)/9. What is the greatest common divisor of 20 and l?
20
Let z be 7/(-3) + (-38)/57. Let o be (z/(-15)*-42)/(11/(-110)). What is the greatest common factor of o and 63?
21
Suppose 5*q = -3*x + 52, -4*q - 9 = -3*x - 2. Suppose 0 = -2*y + x*y - 2296. Calculate the highest common divisor of 123 and y.
41
Let o be (-6)/18*-5*312/65. What is the greatest common factor of 3448 and o?
8
Let n(z) = 291*z + 7168. Let b be n(-24). Suppose 0*u + 3317 = 4*g + u, -2*u = -2*g + 1646. Calculate the highest common divisor of b and g.
92
Let r = 22 - 16. Suppose -895 = -5*h + 185. Let b be ((-6)/7)/(h/(-2520)). What is the highest common factor of b and r?
2
Let l(d) = 13*d - 56. Let k be l(7). Suppose 0 = -z - k + 49. Calculate the greatest common factor of 175 and z.
7
Let t = 248 - 161. Suppose -q = i + 8, 4 = 5*i + 24. Let a be -5 + 4 + 63 + q. Calculate the highest common divisor of a and t.
29
Let t be 91 - -3 - (3 - 165/15). Calculate the highest common divisor of 1241 and t.
17
Suppose 2*k + k = 66. Let h(i) be the second derivative of -i**3/6 + 37*i**2/2 + 122*i. Let f be h(15). Calculate the greatest common divisor of k and f.
22
Let s(h) = 6*h**2 - 24*h - 8. Let j be s(6). Calculate the highest common factor of 14 and j.
2
Suppose 2*a + 9*l = 11*l + 14, -l = 3*a - 13. Suppose 6*g - a*f - 485 = 3*g, 0 = -f + 2. Calculate the greatest common factor of 66 and g.
33
Let v(q) = 66*q - 1872. Let n be v(29). Calculate the greatest common factor of n and 14154.
42
Let a be -2 + 344 - (1 + 5 + 18/(-3)). Calculate the highest common factor of 2358 and a.
18
Suppose -74 - 10006 = -4*l. Suppose 4*a - l = -31*a. Calculate the greatest common factor of a and 180.
36
Let j = -507 + 669. What is the greatest common divisor of j and 6696?
54
Suppose a + 18 = 2*a. Let o(c) = 3*c**2 - 276*c + 1359. Let x be o(5). What is the greatest common factor of a and x?
18
Suppose 0 = -3*c - c - 28. Let u = 10 + c. Suppose 57 = 53*h - 420. Calculate the highest common factor of h and u.
3
Let q be -24 + 26 + 0 + 16. Suppose -q*c + 21 = -51. What is the greatest common factor of 52 and c?
4
Let t be (37/((-1665)/(-200)))/((-4)/(-18)). Calculate the highest common divisor of t and 3660.
20
Suppose -7*r + 5 = -23. Suppose 5*t - 2*t + 20 = l, r*l - 30 = 2*t. Suppose 3*s - s = 2. What is the highest common factor of l and s?
1
Suppose 12*h = 11*f + 9*h - 33331, -3053 = -f - 3*h. Calculate the greatest common divisor of f and 24.
8
Let g = 888 + -622. What is the greatest common factor of 252 and g?
14
Let y(f) be the second derivative of f**3/3 + f**2/2 + f. Suppose 18*j - 27*j + 36 = 0. Let o be y(j). Calculate the greatest common divisor of 6 and o.
3
Let u(d) = 8*d - 211. Let o be u(25). Let j be -5 - (3466/o + (-6)/(-66)). Calculate the highest common divisor of j and 31.
31
Let l(x) = 14*x - 327. Let f be l(33). Calculate the greatest common divisor of f and 432.
27
Suppose 8*s - 6*s = 26. Suppose 4*d = 3*h - 273 - s, -d = 5*h - 492. Calculate the highest common divisor of 28 and h.
14
Suppose -3*u + 276 = -168. Let y be ((-37)/41)/(1375/(-56375)). Calculate the highest common divisor of y and u.
37
Suppose -150*w + 48*w = -612. Calculate the highest common divisor of w and 129.
3
Suppose 4*i = -4, -2*k + 5 = 3*i + 2. Suppose k*d = -27 + 417. Calculate the highest common divisor of 52 and d.
26
Let j be ((-16)/(-24))/((-429)/144 + 3). Calculate the highest common divisor of j and 268.
4
Let z = 122 - 78. Suppose 0 = -4*d + 4*t + 312, -163*t - 166 = -2*d - 162*t. Calculate the highest common divisor of d and z.
44
Let z be 168/10*(-20)/(-8). Suppose -x + 6 = -0*x. What is the highest common divisor of x and z?
6
Suppose 7 = s - 3*q - 26, -s + 45 = q. Suppose -168 = -13*a + 10*a. Suppose a*t = 61*t - 70. What is the greatest common divisor of s and t?
14
Let l be (-36)/20 - (-1742)/65. Suppose 6 + 0 = 3*q. Suppose -3*i = -k - 31, -q*i - k - 21 = -4*i. What is the greatest common factor of i and l?
5
Suppose 216 = 6*p - 84. Let b = p + -44. Suppose -b*h = -4*h - 154. Calculate the highest common factor of h and 22.
11
Let d = -350 + 579. Suppose -d*s - 2250 = -234*s. What is the highest common divisor of s and 90?
90
Let m(p) = -p**2 + 5*p + 40. Let c be m(9). Suppose 2*f - 174 = -c*w - 0*f, 3*w - 5*f = 150. Calculate the greatest common factor of 10 and w.
5
Suppose 0 = 202*z - 976960 + 15440. Calculate the greatest common factor of 20 and z.
20
Let k be (-3 - 4) + 2 + 2. Let z be 101 + (k + 3 - -4). Let d = 50 + -15. What is the greatest common divisor of z and d?
35
Suppose -2*y - 2*d = 3*d - 4, 4*y = -2*d + 24. Let x(r) = -r + 3. Let s be x(y). Let i be 1 + (28 - s/4). Calculate the highest common divisor of 6 and i.
6
Suppose 52*w - 47895 = 33745. What is the highest common factor of 30 and w?
10
Let b(v) = -5*v**3 + v + 1. Let h be b(-1). Suppose -503*k + 490*k = -1625. Calculate the highest common divisor of h and k.
5
Let i = 435 + -437. Let o be -3 + 22 - (i - -11). Suppose 2*s - 7 = 3, 0 = 2*m + 3*s - 23. What is the highest common factor of m and o?
2
Let z(y) = -14*y - 21. Let k be z(-26). Let u = 495 - k. Suppose -4*i = 4*j - u, i = -6*j + 3*j + 42. Calculate the greatest common factor of i and 48.
12
Suppose -5827 = -2*m + x, -5*m + 6195 = -3*x - 8375. What is the highest common factor of 142 and m?
71
Suppose 602 + 1418 = 3*w - 5*v, -2028 = -3*w - 3*v. Let m = -673 + w. Calculate the greatest common divisor of m and 13.
1
Let a = 741 + -733. Suppose 0 = -5*h + 3*j + 55, h - 2*j - 42 = -3*h. Calculate the greatest common divisor of h and a.
8
Let x = 3561 + -2257. Calculate the greatest common factor of x and 8.
8
Let k = -4054 + 6836. Suppose 2781*l = k*l - 50. What is the greatest common divisor of l and 275?
25
Let z = 18883 - 16776. What is the greatest common factor of 602 and z?
301
Let w(g) = -g**2 + 6*g + 2. Let c be w(-6). Let t be (-19)/(-5) - (-3 - c/25). Suppose -t*f = -82 - 62. What is the greatest common factor of 324 and f?
36
Suppose -3233 = -9*w + 3781 - 822. What is the highest common divisor of 43 and w?
43
Let l = -5 + 85. Suppose -7*y = -165 - l. Calculate the greatest common factor of y and 35.
35
Let j = 17 - -55. Let z be (-4 - -1)/(3/(-5)). Suppose z = n, -n - 224 = -3*k - 85. Calculate the greatest common factor of k and j.
24
Suppose 150*g - 150 = 160*g. Suppose -12 = 5*h + 3. Let a be g/(-2) - (-1)/(-6)*h. What is the greatest common factor of 12 and a?
4
Suppose -422*u - 4 = -418*u. Let c be (u + 3/6)/(1/(-544)). Calculate the highest common divisor of 170 and c.
34
Suppose 2*w - 1 - 25 = 0. Suppose 0 = -5*u - t + 465, -111 - 111 = -2*u - 4*t. Calculate the highest common divisor of u and w.
13
Suppose 4*w - 237 = 5*d, -5*d + 7 = -8. Let a = w - 34. Let j(p) = -p**3 + 16*p**2 - 2*p + 8. Let s be j(15). Calculate the greatest common factor of a and s.
29
Let j be (6/8*-7)/(2/8). Let t be (-807)/(-21) - 12/j. What is the greatest common divisor of t and 65?
13
Let a = -1855 - -2151. What is the highest common factor of a and 80?
8
Let o(p) = p**3 + 14*p**2 + 17*p + 193. Let u be o(-11). What is the greatest common factor of u and 328?
41
Let g = -4 - -37. Suppose -5*h + g = 4*v, -3*v - 5*h = -6*v - 19. Suppose -4*x = -v*x - 72. What is the highest common factor of x and 4?
4
Suppose 5*b + c = -855, 3*b + 520 = -0*b - 2*c. Let i be (-76650)/b - 6/(-51). What is the greatest common divisor of 41 and i?
41
Let c(i) be the second derivative of -i**3/3 - 8*i**2 - 2*i. Let v be c(-11). Suppose -v*h = 1 - 397. Calculate